{"id":633,"date":"2016-07-27T11:30:37","date_gmt":"2016-07-27T09:30:37","guid":{"rendered":"http:\/\/new.soundcreation.de\/?page_id=633"},"modified":"2016-08-23T12:53:51","modified_gmt":"2016-08-23T10:53:51","slug":"band-session-8h","status":"publish","type":"page","link":"http:\/\/soundcreation.de\/?page_id=633","title":{"rendered":"Band-Session (8h)"},"content":{"rendered":"<div>\n<div>\n<table border=\"0\" cellspacing=\"1\" cellpadding=\"1\">\n<tbody>\n<tr>\n<td>\n<div><strong>Band-Session<\/strong> (2h Aufbau,8h Aufnahme,10h Mix\/Master)<\/div>\n<\/td>\n<td class=\"rteright\">\n<div class=\"rteright\"><strong>\u00a0\u00a0\u00a0\u00a0\u00a0\u00a0 690 \u20ac<\/strong><\/div>\n<\/td>\n<\/tr>\n<\/tbody>\n<\/table>\n<\/div>\n<table border=\"1\" cellspacing=\"1\" cellpadding=\"1\">\n<tbody>\n<tr>\n<td><em>Leistung<br \/>\n<\/em><\/td>\n<td><em>Beschreibung<\/em><\/td>\n<td><em>Zeit<\/em>aufwand<\/td>\n<\/tr>\n<tr>\n<td class=\"rteleft\">\n<div><strong>Vorbereitung<\/strong><\/div>\n<\/td>\n<td>Aufbau\/Mikrofonierung\/Verkabelung sowie Soundcheck der Instrumente, Einweisung und erstellen der einzelnen Kopfh\u00f6rermixes<\/td>\n<td class=\"rtecenter\">2 h<\/td>\n<\/tr>\n<tr>\n<td><strong>Aufnahme<\/strong><\/td>\n<td>mehrmaliges einsingen und\/oder einspielen der einzelnen Titel und Tonspuren, evtl. Auswahl der zu bearbeitenden Spuren.<\/td>\n<td class=\"rtecenter\">8 h<\/td>\n<\/tr>\n<tr>\n<td><strong>Roughmix<\/strong><\/td>\n<td>erstellen eines ersten unbearbeiteten Mix f\u00fcr die Band (z.B. zur Versions-Auswahl)<\/td>\n<td class=\"rtecenter\">1 h<\/td>\n<\/tr>\n<tr>\n<td><strong>Mix<\/strong><\/td>\n<td>Schnitt und Bearbeitung der Songs durch unseren Techniker (EQ,Effekte,etc.)<\/td>\n<td class=\"rtecenter\">7 h<\/td>\n<\/tr>\n<tr>\n<td><strong>Mastering<\/strong><\/td>\n<td>Finale Bearbeitung, Anfertigen des Endmixes in CD-Qualit\u00e4t<\/td>\n<td class=\"rtecenter\">2 h<\/td>\n<\/tr>\n<\/tbody>\n<\/table>\n<div class=\"rteleft\"><\/div>\n<div class=\"rteleft\">\n<div>In diesem Angebot nicht enthalten sind Leistungen wie das Erstellen und Layout eines CD-Covers oder CD-Print, das Vervielf\u00e4ltigen\/Pressen gr\u00f6sserer CD-Mengen, das Anfertigen von Playbacks oder das Einspielen von Instumentalspuren seitens der Firma Soundcreation.<\/div>\n<div>Die Instrumente, Verst\u00e4rker, usw. werden i.d. Regel selbst mitgebracht und nur nach vorheriger Absprache von uns gestellt bzw. besorgt.<\/div>\n<div>Die ben\u00f6tigten Mikrofone und sonstige Studiotechnik stellen wir nat\u00fcrlich zur Verf\u00fcgung.<\/div>\n<p>&nbsp;<\/p>\n<\/div>\n<\/div>\n<div><\/div>\n<div><\/div>\n<p>(siehe auch <a href=\"\/?p=638\">Einzelpreisliste Studio<\/a>)<\/p>\n","protected":false},"excerpt":{"rendered":"<p>Band-Session (2h Aufbau,8h Aufnahme,10h Mix\/Master) \u00a0\u00a0\u00a0\u00a0\u00a0\u00a0 690 \u20ac Leistung Beschreibung Zeitaufwand Vorbereitung Aufbau\/Mikrofonierung\/Verkabelung sowie Soundcheck der Instrumente, Einweisung und erstellen der einzelnen Kopfh\u00f6rermixes 2 h Aufnahme mehrmaliges einsingen und\/oder einspielen der einzelnen Titel und Tonspuren, evtl. Auswahl der zu bearbeitenden Spuren. 8 h Roughmix erstellen eines ersten unbearbeiteten Mix f\u00fcr die Band (z.B. zur Versions-Auswahl) &hellip; <a href=\"http:\/\/soundcreation.de\/?page_id=633\" class=\"more-link\"><span class=\"screen-reader-text\">Band-Session (8h)<\/span> weiterlesen <span class=\"meta-nav\">&rarr;<\/span><\/a><\/p>\n","protected":false},"author":1,"featured_media":0,"parent":35,"menu_order":1,"comment_status":"closed","ping_status":"closed","template":"","meta":{"footnotes":""},"class_list":["post-633","page","type-page","status-publish","hentry"],"_links":{"self":[{"href":"http:\/\/soundcreation.de\/index.php?rest_route=\/wp\/v2\/pages\/633"}],"collection":[{"href":"http:\/\/soundcreation.de\/index.php?rest_route=\/wp\/v2\/pages"}],"about":[{"href":"http:\/\/soundcreation.de\/index.php?rest_route=\/wp\/v2\/types\/page"}],"author":[{"embeddable":true,"href":"http:\/\/soundcreation.de\/index.php?rest_route=\/wp\/v2\/users\/1"}],"replies":[{"embeddable":true,"href":"http:\/\/soundcreation.de\/index.php?rest_route=%2Fwp%2Fv2%2Fcomments&post=633"}],"version-history":[{"count":2,"href":"http:\/\/soundcreation.de\/index.php?rest_route=\/wp\/v2\/pages\/633\/revisions"}],"predecessor-version":[{"id":689,"href":"http:\/\/soundcreation.de\/index.php?rest_route=\/wp\/v2\/pages\/633\/revisions\/689"}],"up":[{"embeddable":true,"href":"http:\/\/soundcreation.de\/index.php?rest_route=\/wp\/v2\/pages\/35"}],"wp:attachment":[{"href":"http:\/\/soundcreation.de\/index.php?rest_route=%2Fwp%2Fv2%2Fmedia&parent=633"}],"curies":[{"name":"wp","href":"https:\/\/api.w.org\/{rel}","templated":true}]}}