{"id":5,"date":"2016-01-11T19:00:39","date_gmt":"2016-01-11T17:00:39","guid":{"rendered":"http:\/\/s522905431.online.de\/neu\/?page_id=5"},"modified":"2017-01-31T20:02:33","modified_gmt":"2017-01-31T18:02:33","slug":"home","status":"publish","type":"page","link":"http:\/\/soundcreation.de\/","title":{"rendered":"Home"},"content":{"rendered":"<h1><em><strong>Herzlich willkommen bei SoundcreatioN!<\/strong><\/em><\/h1>\n<p><strong>SoundcreatioN &#8211; Ihr kompetenter Partner f\u00fcr:<\/strong><\/p>\n<ul>\n<li><a href=\"?page_id=22\"><strong>PA-Verleih<\/strong><\/a><\/li>\n<li><a href=\"?page_id=35\"><strong>Tonstudio<\/strong><\/a><\/li>\n<li><strong>Installation von Ton- und Lichtanlagen<\/strong><\/li>\n<li><strong>Verkauf von professioneller Ton- und Lichttechnik<\/strong><\/li>\n<\/ul>\n<p>Wir von Soundcreation bieten Ihnen als kompetenter und zuverl\u00e4ssiger Dienstleister alles aus einer Hand. Ob es um eine Produktpr\u00e4sentation, Discoveranstaltung, Firmenfeier, Hochzeit, Sportveranstaltung, &#8230;..geht, durch unsere langj\u00e4hrige Erfahrung wird Ihre Veranstaltung zum Erfolg.<\/p>\n<p>Wir beraten Sie individuell und stellen Ihnen innerhalb k\u00fcrzester Zeit ein ma\u00dfgeschneidertes Konzept, ganz nach Ihren W\u00fcnschen zur Verf\u00fcgung.<\/p>\n<p>Unser erfahrenes und professionelles Team stellt Ihnen leistungsf\u00e4hige und moderne Technologie zur Verf\u00fcgung und garantiert einen p\u00fcnktlichen und reibungslosen Ablauf!<\/p>\n","protected":false},"excerpt":{"rendered":"<p>Herzlich willkommen bei SoundcreatioN! SoundcreatioN &#8211; Ihr kompetenter Partner f\u00fcr: PA-Verleih Tonstudio Installation von Ton- und Lichtanlagen Verkauf von professioneller Ton- und Lichttechnik Wir von Soundcreation bieten Ihnen als kompetenter und zuverl\u00e4ssiger Dienstleister alles aus einer Hand. Ob es um eine Produktpr\u00e4sentation, Discoveranstaltung, Firmenfeier, Hochzeit, Sportveranstaltung, &#8230;..geht, durch unsere langj\u00e4hrige Erfahrung wird Ihre Veranstaltung zum &hellip; <a href=\"http:\/\/soundcreation.de\/\" class=\"more-link\"><span class=\"screen-reader-text\">Home<\/span> weiterlesen <span class=\"meta-nav\">&rarr;<\/span><\/a><\/p>\n","protected":false},"author":1,"featured_media":0,"parent":0,"menu_order":1,"comment_status":"closed","ping_status":"open","template":"","meta":{"footnotes":""},"class_list":["post-5","page","type-page","status-publish","hentry"],"_links":{"self":[{"href":"http:\/\/soundcreation.de\/index.php?rest_route=\/wp\/v2\/pages\/5"}],"collection":[{"href":"http:\/\/soundcreation.de\/index.php?rest_route=\/wp\/v2\/pages"}],"about":[{"href":"http:\/\/soundcreation.de\/index.php?rest_route=\/wp\/v2\/types\/page"}],"author":[{"embeddable":true,"href":"http:\/\/soundcreation.de\/index.php?rest_route=\/wp\/v2\/users\/1"}],"replies":[{"embeddable":true,"href":"http:\/\/soundcreation.de\/index.php?rest_route=%2Fwp%2Fv2%2Fcomments&post=5"}],"version-history":[{"count":8,"href":"http:\/\/soundcreation.de\/index.php?rest_route=\/wp\/v2\/pages\/5\/revisions"}],"predecessor-version":[{"id":902,"href":"http:\/\/soundcreation.de\/index.php?rest_route=\/wp\/v2\/pages\/5\/revisions\/902"}],"wp:attachment":[{"href":"http:\/\/soundcreation.de\/index.php?rest_route=%2Fwp%2Fv2%2Fmedia&parent=5"}],"curies":[{"name":"wp","href":"https:\/\/api.w.org\/{rel}","templated":true}]}}