{"id":31,"date":"2016-01-11T19:16:42","date_gmt":"2016-01-11T17:16:42","guid":{"rendered":"http:\/\/s522905431.online.de\/neu\/?page_id=31"},"modified":"2016-08-23T12:37:31","modified_gmt":"2016-08-23T10:37:31","slug":"buehnentechnik","status":"publish","type":"page","link":"http:\/\/soundcreation.de\/?page_id=31","title":{"rendered":"B\u00fchnentechnik"},"content":{"rendered":"<p>Fehlt Ihnen f\u00fcr Ihre Veranstaltung die passende B\u00fchne? Wir bieten Ihnen die M\u00f6glichkeit, sich Ihre B\u00fchne ganz nach Ihren W\u00fcnschen zu gestalten. F\u00fcr Outdoor-Veranstaltungen empfehlen wir Ihnen unsere Rundbogenb\u00fchnen in den Gr\u00f6\u00dfen <a href=\"http:\/\/www.dev.soundcreation.de\/B%C3%BChne_8x6m\">8x6m<\/a>, <a href=\"http:\/\/www.dev.soundcreation.de\/node\/33\">8x4m<\/a> oder <a href=\"http:\/\/www.dev.soundcreation.de\/node\/51\">6x4m<\/a>. B\u00fchnen ohne \u00dcberdachung k\u00f6nnen in allen erdenklichen Gr\u00f6\u00dfen und bis zu 1 m H\u00f6he geliefert werden. Selbstverst\u00e4ndlich besteht auch die M\u00f6glichkeit, einzelne B\u00fchnenelemente (<a href=\"http:\/\/www.dev.soundcreation.de\/node\/35\">2 x 1m oder 1 x 1m<\/a>) z.B. als Drumriser oder f\u00fcr Rednerpulte zu mieten.<\/p>\n<p>&nbsp;<\/p>\n<p>&nbsp;<\/p>\n<p>&nbsp;<\/p>\n<p><a href=\"\/?p=590\">Einzelpreisliste<\/a><br \/>\n<a href=\"\/?p=33\">Rundbogenb\u00fchne 6x4m<\/a><br \/>\n<a href=\"\/?p=583\">Rundbogenb\u00fchne 8x4m<\/a><br \/>\n<a href=\"\/?p=585\">Rundbogenb\u00fchne 8x6m<\/a><br \/>\n<a href=\"\/?p=588\">B\u00fchnentechnik zum Abholen<\/a><\/p>\n","protected":false},"excerpt":{"rendered":"<p>Fehlt Ihnen f\u00fcr Ihre Veranstaltung die passende B\u00fchne? Wir bieten Ihnen die M\u00f6glichkeit, sich Ihre B\u00fchne ganz nach Ihren W\u00fcnschen zu gestalten. F\u00fcr Outdoor-Veranstaltungen empfehlen wir Ihnen unsere Rundbogenb\u00fchnen in den Gr\u00f6\u00dfen 8x6m, 8x4m oder 6x4m. B\u00fchnen ohne \u00dcberdachung k\u00f6nnen in allen erdenklichen Gr\u00f6\u00dfen und bis zu 1 m H\u00f6he geliefert werden. Selbstverst\u00e4ndlich besteht auch &hellip; <a href=\"http:\/\/soundcreation.de\/?page_id=31\" class=\"more-link\"><span class=\"screen-reader-text\">B\u00fchnentechnik<\/span> weiterlesen <span class=\"meta-nav\">&rarr;<\/span><\/a><\/p>\n","protected":false},"author":1,"featured_media":0,"parent":0,"menu_order":4,"comment_status":"closed","ping_status":"open","template":"","meta":{"footnotes":""},"class_list":["post-31","page","type-page","status-publish","hentry"],"_links":{"self":[{"href":"http:\/\/soundcreation.de\/index.php?rest_route=\/wp\/v2\/pages\/31"}],"collection":[{"href":"http:\/\/soundcreation.de\/index.php?rest_route=\/wp\/v2\/pages"}],"about":[{"href":"http:\/\/soundcreation.de\/index.php?rest_route=\/wp\/v2\/types\/page"}],"author":[{"embeddable":true,"href":"http:\/\/soundcreation.de\/index.php?rest_route=\/wp\/v2\/users\/1"}],"replies":[{"embeddable":true,"href":"http:\/\/soundcreation.de\/index.php?rest_route=%2Fwp%2Fv2%2Fcomments&post=31"}],"version-history":[{"count":3,"href":"http:\/\/soundcreation.de\/index.php?rest_route=\/wp\/v2\/pages\/31\/revisions"}],"predecessor-version":[{"id":683,"href":"http:\/\/soundcreation.de\/index.php?rest_route=\/wp\/v2\/pages\/31\/revisions\/683"}],"wp:attachment":[{"href":"http:\/\/soundcreation.de\/index.php?rest_route=%2Fwp%2Fv2%2Fmedia&parent=31"}],"curies":[{"name":"wp","href":"https:\/\/api.w.org\/{rel}","templated":true}]}}